{"id":68,"date":"2024-05-09T13:28:46","date_gmt":"2024-05-09T11:28:46","guid":{"rendered":"https:\/\/www.altrulocu.fr\/wwwaltrulocu\/?page_id=68"},"modified":"2024-05-09T13:28:50","modified_gmt":"2024-05-09T11:28:50","slug":"contact","status":"publish","type":"page","link":"https:\/\/sandbox.altrulocu.fr\/base\/preprod\/contact\/","title":{"rendered":"Contact"},"content":{"rendered":"\n<p><\/p>\n\n\n\n<div class=\"wp-block-uagb-container uagb-block-37772a18 alignfull uagb-is-root-container\"><div class=\"uagb-container-inner-blocks-wrap\">\n<div class=\"wp-block-uagb-container uagb-block-b6c3fb42\">\n<div class=\"wp-block-uagb-advanced-heading uagb-block-fc28318b\"><h3 class=\"uagb-heading-text\">Infos pratiques<\/h3><\/div>\n\n\n\n<div class=\"wp-block-uagb-info-box uagb-block-c55a7883 uagb-infobox__content-wrap  uagb-infobox-icon-above-title uagb-infobox-image-valign-top\"><div class=\"uagb-ifb-content\"><div class=\"uagb-ifb-title-wrap\"><h4 class=\"uagb-ifb-title\">Adresse :<\/h4><\/div><p class=\"uagb-ifb-desc\">Route de Nota, Biscovaggia 2 &#8211; 20137 Porto-Vecchio.<\/p><\/div><\/div>\n\n\n\t\t\t<div \n\t\t\tclass=\"wp-block-uagb-google-map uagb-google-map__wrap uagb-block-d930f2d8     \"\n\t\t\tstyle=\"\" >\n\t\t\t\t<embed\n\t\t\t\t\tclass=\"uagb-google-map__iframe\"\n\t\t\t\t\ttitle=\"Carte Google pour \"\n\t\t\t\t\tsrc=\"https:\/\/maps.google.com\/maps?q=L%27altru%20locu%20%3A%20a%20lenza&#038;z=12&#038;hl=fr&#038;t=m&#038;output=embed&#038;iwloc=near\"\n\t\t\t\t\twidth=\"640\"\n\t\t\t\t\theight=\"350\"\n\t\t\t\t\tloading=\"lazy\"\n\t\t\t\t><\/embed>\n\t\t\t<\/div>\n\t\t\t<\/div>\n\n\n\n<div class=\"wp-block-uagb-container uagb-block-c3226c79\">\n<div class=\"wp-block-uagb-advanced-heading uagb-block-e0c3e171\"><h3 class=\"uagb-heading-text\">Pour toute demande ou question, contactez-nous via ce formulaire :<\/h3><\/div>\n\n\n\n<div class=\"wp-block-uagb-forms uagb-forms__outer-wrap uagb-block-4d49a5ad uagb-forms__medium-btn\"><form class=\"uagb-forms-main-form\" method=\"post\" autocomplete=\"on\" name=\"uagb-form-4d49a5ad\">\n<div class=\"wp-block-uagb-forms-name uagb-forms-name-wrap uagb-forms-field-set uagb-block-14c72a12\"><div class=\"uagb-forms-name-label required uagb-forms-input-label\" id=\"14c72a12\">Pr\u00e9nom<\/div><input type=\"text\" placeholder=\"Pr\u00e9nom\" required class=\"uagb-forms-name-input uagb-forms-input\" name=\"14c72a12\" autocomplete=\"given-name\"\/><\/div>\n\n\n\n<div class=\"wp-block-uagb-forms-name uagb-forms-name-wrap uagb-forms-field-set uagb-block-b561f8b1\"><div class=\"uagb-forms-name-label  uagb-forms-input-label\" id=\"b561f8b1\">Nom de Famille<\/div><input type=\"text\" placeholder=\"Nom\" class=\"uagb-forms-name-input uagb-forms-input\" name=\"b561f8b1\" autocomplete=\"family-name\"\/><\/div>\n\n\n\n<div class=\"wp-block-uagb-forms-email uagb-forms-email-wrap uagb-forms-field-set uagb-block-df66ed11\"><div class=\"uagb-forms-email-label required uagb-forms-input-label\" id=\"df66ed11\">E-mail<\/div><input type=\"email\" class=\"uagb-forms-email-input uagb-forms-input\" placeholder=\"exemple@mail.com\" required name=\"df66ed11\" autocomplete=\"email\"\/><\/div>\n\n\n\n<div class=\"wp-block-uagb-forms-textarea uagb-forms-textarea-wrap uagb-forms-field-set uagb-block-585ca1c4\"><div class=\"uagb-forms-textarea-label required uagb-forms-input-label\" id=\"585ca1c4\">Message<\/div><textarea required class=\"uagb-forms-textarea-input uagb-forms-input\" rows=\"4\" placeholder=\"Saisissez votre message\" name=\"585ca1c4\" autocomplete=\"off\"><\/textarea><\/div>\n<div class=\"uagb-forms-form-hidden-data\"><input type=\"hidden\" id=\"g-recaptcha-response\" class=\"uagb-forms-recaptcha\"\/><input type=\"hidden\" class=\"uagb_forms_form_label\" value=\"Formulaire de contact\"\/><input type=\"hidden\" class=\"uagb_forms_form_id\" value=\"uagb-form-4d49a5ad\"\/><\/div><div class=\"uagb-form-reacaptcha-error-4d49a5ad\"><\/div><div class=\"uagb-forms-main-submit-button-wrap wp-block-button\"><button class=\"uagb-forms-main-submit-button wp-block-button__link\"><div class=\"uagb-forms-main-submit-button-text\">Envoyer<\/div><\/button><\/div><\/form><div class=\"uagb-forms-success-message-4d49a5ad uagb-forms-submit-message-hide\"><span>Le formulaire a bien \u00e9t\u00e9 envoy\u00e9\u00a0!<\/span><\/div><div class=\"uagb-forms-failed-message-4d49a5ad uagb-forms-submit-message-hide\"><span>Une erreur s\u2019est produite lors de l\u2019envoi du formulaire. Veuillez v\u00e9rifier \u00e0 nouveau tous les champs du formulaire.<\/span><\/div><\/div>\n<\/div>\n<\/div><\/div>\n","protected":false},"excerpt":{"rendered":"<p>Infos pratiques Pour toute demande ou question, contactez-nous via ce formulaire :<\/p>\n","protected":false},"author":1,"featured_media":3279,"parent":0,"menu_order":0,"comment_status":"closed","ping_status":"closed","template":"","meta":{"_uag_custom_page_level_css":"","site-sidebar-layout":"default","site-content-layout":"","ast-site-content-layout":"default","site-content-style":"default","site-sidebar-style":"default","ast-global-header-display":"","ast-banner-title-visibility":"","ast-main-header-display":"","ast-hfb-above-header-display":"","ast-hfb-below-header-display":"","ast-hfb-mobile-header-display":"","site-post-title":"","ast-breadcrumbs-content":"","ast-featured-img":"disabled","footer-sml-layout":"","ast-disable-related-posts":"","theme-transparent-header-meta":"","adv-header-id-meta":"","stick-header-meta":"","header-above-stick-meta":"","header-main-stick-meta":"","header-below-stick-meta":"","astra-migrate-meta-layouts":"default","ast-page-background-enabled":"default","ast-page-background-meta":{"desktop":{"background-color":"var(--ast-global-color-4)","background-image":"","background-repeat":"repeat","background-position":"center center","background-size":"auto","background-attachment":"scroll","background-type":"","background-media":"","overlay-type":"","overlay-color":"","overlay-opacity":"","overlay-gradient":""},"tablet":{"background-color":"","background-image":"","background-repeat":"repeat","background-position":"center center","background-size":"auto","background-attachment":"scroll","background-type":"","background-media":"","overlay-type":"","overlay-color":"","overlay-opacity":"","overlay-gradient":""},"mobile":{"background-color":"","background-image":"","background-repeat":"repeat","background-position":"center center","background-size":"auto","background-attachment":"scroll","background-type":"","background-media":"","overlay-type":"","overlay-color":"","overlay-opacity":"","overlay-gradient":""}},"ast-content-background-meta":{"desktop":{"background-color":"var(--ast-global-color-5)","background-image":"","background-repeat":"repeat","background-position":"center center","background-size":"auto","background-attachment":"scroll","background-type":"","background-media":"","overlay-type":"","overlay-color":"","overlay-opacity":"","overlay-gradient":""},"tablet":{"background-color":"var(--ast-global-color-5)","background-image":"","background-repeat":"repeat","background-position":"center center","background-size":"auto","background-attachment":"scroll","background-type":"","background-media":"","overlay-type":"","overlay-color":"","overlay-opacity":"","overlay-gradient":""},"mobile":{"background-color":"var(--ast-global-color-5)","background-image":"","background-repeat":"repeat","background-position":"center center","background-size":"auto","background-attachment":"scroll","background-type":"","background-media":"","overlay-type":"","overlay-color":"","overlay-opacity":"","overlay-gradient":""}},"footnotes":""},"class_list":["post-68","page","type-page","status-publish","has-post-thumbnail","hentry"],"uagb_featured_image_src":{"full":["https:\/\/sandbox.altrulocu.fr\/base\/preprod\/wp-content\/uploads\/2024\/05\/olivier-banniere-4x1-1920x480-2.webp",1920,480,false],"thumbnail":["https:\/\/sandbox.altrulocu.fr\/base\/preprod\/wp-content\/uploads\/2024\/05\/olivier-banniere-4x1-1920x480-2-150x150.webp",150,150,true],"medium":["https:\/\/sandbox.altrulocu.fr\/base\/preprod\/wp-content\/uploads\/2024\/05\/olivier-banniere-4x1-1920x480-2.webp",300,75,false],"medium_large":["https:\/\/sandbox.altrulocu.fr\/base\/preprod\/wp-content\/uploads\/2024\/05\/olivier-banniere-4x1-1920x480-2.webp",768,192,false],"large":["https:\/\/sandbox.altrulocu.fr\/base\/preprod\/wp-content\/uploads\/2024\/05\/olivier-banniere-4x1-1920x480-2.webp",1024,256,false],"1536x1536":["https:\/\/sandbox.altrulocu.fr\/base\/preprod\/wp-content\/uploads\/2024\/05\/olivier-banniere-4x1-1920x480-2.webp",1536,384,false],"2048x2048":["https:\/\/sandbox.altrulocu.fr\/base\/preprod\/wp-content\/uploads\/2024\/05\/olivier-banniere-4x1-1920x480-2.webp",1920,480,false]},"uagb_author_info":{"display_name":"Altru Locu","author_link":"https:\/\/sandbox.altrulocu.fr\/base\/preprod\/author\/admin8952\/"},"uagb_comment_info":0,"uagb_excerpt":"Infos pratiques Pour toute demande ou question, contactez-nous via ce formulaire :","_links":{"self":[{"href":"https:\/\/sandbox.altrulocu.fr\/base\/preprod\/wp-json\/wp\/v2\/pages\/68","targetHints":{"allow":["GET"]}}],"collection":[{"href":"https:\/\/sandbox.altrulocu.fr\/base\/preprod\/wp-json\/wp\/v2\/pages"}],"about":[{"href":"https:\/\/sandbox.altrulocu.fr\/base\/preprod\/wp-json\/wp\/v2\/types\/page"}],"author":[{"embeddable":true,"href":"https:\/\/sandbox.altrulocu.fr\/base\/preprod\/wp-json\/wp\/v2\/users\/1"}],"replies":[{"embeddable":true,"href":"https:\/\/sandbox.altrulocu.fr\/base\/preprod\/wp-json\/wp\/v2\/comments?post=68"}],"version-history":[{"count":0,"href":"https:\/\/sandbox.altrulocu.fr\/base\/preprod\/wp-json\/wp\/v2\/pages\/68\/revisions"}],"wp:featuredmedia":[{"embeddable":true,"href":"https:\/\/sandbox.altrulocu.fr\/base\/preprod\/wp-json\/wp\/v2\/media\/3279"}],"wp:attachment":[{"href":"https:\/\/sandbox.altrulocu.fr\/base\/preprod\/wp-json\/wp\/v2\/media?parent=68"}],"curies":[{"name":"wp","href":"https:\/\/api.w.org\/{rel}","templated":true}]}}